{"id":13,"date":"2023-10-20T23:33:11","date_gmt":"2023-10-20T21:33:11","guid":{"rendered":"https:\/\/wedecorsdesign.com\/?page_id=13"},"modified":"2023-10-24T17:06:10","modified_gmt":"2023-10-24T15:06:10","slug":"nosotros","status":"publish","type":"page","link":"https:\/\/wedecorsdesign.com\/index.php\/nosotros\/","title":{"rendered":"Nosotros"},"content":{"rendered":"\n<div class=\"wp-block-uagb-container uagb-block-44b414af alignfull uagb-is-root-container\"><div class=\"uagb-container-inner-blocks-wrap\">\n<div class=\"wp-block-uagb-advanced-heading uagb-block-c34334b7\"><h1 class=\"uagb-heading-text\">Sobre Nosotros<\/h1><p class=\"uagb-desc-text\">We Decors es un estudio de dise\u00f1o que representa la arquitectura y el interiorismo, nos basamos en dise\u00f1os contempor\u00e1neos adapt\u00e1ndonos a los requerimientos del cliente.<\/p><\/div>\n\n\n\n<div class=\"wp-block-uagb-advanced-heading uagb-block-c270b484\"><h3 class=\"uagb-heading-text\">Dedicado a la excelencia en el servicio<\/h3><\/div>\n\n\n\n<div class=\"wp-block-uagb-image aligncenter uagb-block-db917b2e wp-block-uagb-image--layout-default wp-block-uagb-image--effect-static wp-block-uagb-image--align-center\"><figure class=\"wp-block-uagb-image__figure\"><img decoding=\"async\" srcset=\"https:\/\/wedecorsdesign.com\/wp-content\/uploads\/2023\/10\/Proyecto-sin-nombre-Sin-nombre-20231019-085759-2-1024x768.jpg ,https:\/\/wedecorsdesign.com\/wp-content\/uploads\/2023\/10\/Proyecto-sin-nombre-Sin-nombre-20231019-085759-2-scaled.jpg 780w, https:\/\/wedecorsdesign.com\/wp-content\/uploads\/2023\/10\/Proyecto-sin-nombre-Sin-nombre-20231019-085759-2-scaled.jpg 360w\" sizes=\"(max-width: 480px) 150px\" src=\"https:\/\/wedecorsdesign.com\/wp-content\/uploads\/2023\/10\/Proyecto-sin-nombre-Sin-nombre-20231019-085759-2-1024x768.jpg\" alt=\"\" class=\"uag-image-54\" width=\"1024\" height=\"768\" title=\"\" loading=\"lazy\"\/><\/figure><\/div>\n<\/div><\/div>\n\n\n\n<div class=\"wp-block-uagb-container uagb-block-bec58d9f alignfull uagb-is-root-container\"><div class=\"uagb-container-inner-blocks-wrap\">\n<div class=\"wp-block-uagb-container uagb-block-79ae747b\">\n<figure class=\"wp-block-image size-large\"><img decoding=\"async\" loading=\"lazy\" width=\"1024\" height=\"768\" src=\"https:\/\/wedecorsdesign.com\/wp-content\/uploads\/2023\/10\/salon-de-belleza-MAQUILLAJE-20231020-134105-2-1024x768.jpg\" alt=\"\" class=\"wp-image-52\" srcset=\"https:\/\/wedecorsdesign.com\/wp-content\/uploads\/2023\/10\/salon-de-belleza-MAQUILLAJE-20231020-134105-2-1024x768.jpg 1024w, https:\/\/wedecorsdesign.com\/wp-content\/uploads\/2023\/10\/salon-de-belleza-MAQUILLAJE-20231020-134105-2-300x225.jpg 300w, https:\/\/wedecorsdesign.com\/wp-content\/uploads\/2023\/10\/salon-de-belleza-MAQUILLAJE-20231020-134105-2-768x576.jpg 768w, https:\/\/wedecorsdesign.com\/wp-content\/uploads\/2023\/10\/salon-de-belleza-MAQUILLAJE-20231020-134105-2-1536x1152.jpg 1536w, https:\/\/wedecorsdesign.com\/wp-content\/uploads\/2023\/10\/salon-de-belleza-MAQUILLAJE-20231020-134105-2-2048x1536.jpg 2048w\" sizes=\"(max-width: 1024px) 100vw, 1024px\" \/><\/figure>\n<\/div>\n\n\n\n<div class=\"wp-block-uagb-container uagb-block-50655feb\">\n<p>Somos un estudio especializado en Arquitectura y Dise\u00f1o de Interiores, con un enfoque en proyectos residenciales, comerciales y corporativos. Nuestra sello de identidad es la creaci\u00f3n de espacios intemporales que establecen nuevas tendencias, poniendo siempre en el centro la empat\u00eda con el cliente y la mejora de su calidad de vida a trav\u00e9s de soluciones de dise\u00f1o excepcionales.<\/p>\n\n\n\n<p>En We Decors, ofrecemos una gama de servicios que incluyen dise\u00f1o arquitect\u00f3nico, dise\u00f1o de interiores y visualizaci\u00f3n arquitect\u00f3nica tanto para proyectos comerciales, residenciales, corporativos y eventos (modelado 3D y renderizado). Ofrecemos asesor\u00edas virtuales y f\u00edsicas en diferentes pa\u00edses. Estamos comprometidos a superar las expectativas de nuestros clientes y a materializar sus ideas en proyectos arquitect\u00f3nicos y de dise\u00f1o de interiores de vanguardia.<\/p>\n<\/div>\n<\/div><\/div>\n\n\n\n<div class=\"wp-block-uagb-container uagb-block-9cb62e5d alignfull uagb-is-root-container\"><div class=\"uagb-container-inner-blocks-wrap\">\n<div class=\"wp-block-uagb-advanced-heading uagb-block-2bd72371\"><h2 class=\"uagb-heading-text\">Con\u00f3cenos<\/h2><\/div>\n<\/div><\/div>\n\n\n\n<div class=\"wp-block-uagb-container uagb-block-bda2cbc3 alignfull uagb-is-root-container\"><div class=\"uagb-container-inner-blocks-wrap\">\n<div class=\"wp-block-uagb-container uagb-block-6ea0cde2\">\n<div class=\"wp-block-uagb-info-box uagb-block-d0dc4a43 uagb-infobox__content-wrap  uagb-infobox-icon-above-title uagb-infobox-image-valign-top\"><div class=\"uagb-ifb-content\"><div class=\"uagb-ifb-image-content\"><img decoding=\"async\" src=\"https:\/\/wedecorsdesign.com\/wp-content\/uploads\/2023\/10\/IMG_5121-1-150x150.png\" alt=\"\" width=\"\" height=\"0\" loading=\"lazy\"\/><\/div><div class=\"uagb-ifb-title-wrap\"><h3 class=\"uagb-ifb-title\">Arq. Michelle Soriano<\/h3><\/div><div class=\"uagb-ifb-button-wrapper wp-block-button\"><a href=\"wedecorsdesign.com\/index.php\/arq-michelle-soriano\/\" class=\"uagb-infobox-cta-link wp-block-button__link\" target=\"_self\" rel=\"noopener noreferrer\" onclick=\"return true;\" alt=\"\"><span class=\"uagb-inline-editing\">Leer m\u00e1s<\/span><svg xmlns=\"https:\/\/www.w3.org\/2000\/svg\" viewBox=\"0 0 512 512\"><path d=\"M504.3 273.6l-112.1 104c-6.992 6.484-17.18 8.218-25.94 4.406c-8.758-3.812-14.42-12.45-14.42-21.1L351.9 288H32C14.33 288 .0002 273.7 .0002 255.1S14.33 224 32 224h319.9l0-72c0-9.547 5.66-18.19 14.42-22c8.754-3.809 18.95-2.075 25.94 4.41l112.1 104C514.6 247.9 514.6 264.1 504.3 273.6z\"><\/path><\/svg><\/a><\/div><\/div><\/div>\n<\/div>\n\n\n\n<div class=\"wp-block-uagb-container uagb-block-19cef360\">\n<div class=\"wp-block-uagb-info-box uagb-block-b6439579 uagb-infobox__content-wrap  uagb-infobox-icon-above-title uagb-infobox-image-valign-top\"><div class=\"uagb-ifb-content\"><div class=\"uagb-ifb-image-content\"><img decoding=\"async\" src=\"https:\/\/wedecorsdesign.com\/wp-content\/uploads\/2023\/10\/IMG_5120-150x150.png\" alt=\"\" width=\"\" height=\"0\" loading=\"lazy\"\/><\/div><div class=\"uagb-ifb-title-wrap\"><h3 class=\"uagb-ifb-title\">Arq. Lisbett Berihuete<\/h3><\/div><div class=\"uagb-ifb-button-wrapper wp-block-button\"><a href=\"wedecorsdesign.com\/index.php\/arq-lisbett-berihute\/\" class=\"uagb-infobox-cta-link wp-block-button__link\" target=\"_self\" rel=\"noopener noreferrer\" onclick=\"return true;\" alt=\"\"><span class=\"uagb-inline-editing\">Leer m\u00e1s<\/span><svg xmlns=\"https:\/\/www.w3.org\/2000\/svg\" viewBox=\"0 0 512 512\"><path d=\"M504.3 273.6l-112.1 104c-6.992 6.484-17.18 8.218-25.94 4.406c-8.758-3.812-14.42-12.45-14.42-21.1L351.9 288H32C14.33 288 .0002 273.7 .0002 255.1S14.33 224 32 224h319.9l0-72c0-9.547 5.66-18.19 14.42-22c8.754-3.809 18.95-2.075 25.94 4.41l112.1 104C514.6 247.9 514.6 264.1 504.3 273.6z\"><\/path><\/svg><\/a><\/div><\/div><\/div>\n<\/div>\n<\/div><\/div>\n\n\n\n<div style=\"height:64px\" aria-hidden=\"true\" class=\"wp-block-spacer\"><\/div>\n\n\n\n<div class=\"wp-block-uagb-container uagb-block-22aae675 alignfull uagb-is-root-container\"><div class=\"uagb-container-inner-blocks-wrap\">\n<div class=\"wp-block-uagb-info-box uagb-block-690eb9de uagb-infobox__content-wrap  uagb-infobox-icon-above-title uagb-infobox-image-valign-top\"><div class=\"uagb-ifb-content\"><div class=\"uagb-ifb-title-wrap\"><h2 class=\"uagb-ifb-title\">Trabajemos juntos!<\/h2><\/div><p class=\"uagb-ifb-desc\">Estamos comprometidos a dar lo mejor de nosotros en cada proyecto. Escr\u00edbenos y te asesoramos con todas tus ideas. <\/p><div class=\"uagb-ifb-button-wrapper wp-block-button\"><a href=\"https:\/\/api.whatsapp.com\/send?phone=18295464576\" class=\"uagb-infobox-cta-link wp-block-button__link\" target=\"_self\" rel=\"noopener noreferrer\" onclick=\"return true;\" alt=\"\"><span class=\"uagb-inline-editing\">WhatsApp<\/span><\/a><\/div><\/div><\/div>\n<\/div><\/div>\n","protected":false},"excerpt":{"rendered":"<p>Sobre Nosotros We Decors es un estudio de dise\u00f1o que representa la arquitectura y el interiorismo, nos basamos en dise\u00f1os contempor\u00e1neos adapt\u00e1ndonos a los requerimientos del cliente. Dedicado a la excelencia en el servicio Somos un estudio especializado en Arquitectura y Dise\u00f1o de Interiores, con un enfoque en proyectos residenciales, comerciales y corporativos. Nuestra sello &hellip;<\/p>\n<p class=\"read-more\"> <a class=\"\" href=\"https:\/\/wedecorsdesign.com\/index.php\/nosotros\/\"> <span class=\"screen-reader-text\">Nosotros<\/span> Read More &raquo;<\/a><\/p>\n","protected":false},"author":1,"featured_media":0,"parent":0,"menu_order":0,"comment_status":"closed","ping_status":"closed","template":"","meta":{"_uag_custom_page_level_css":"","site-sidebar-layout":"default","site-content-layout":"","ast-site-content-layout":"","site-content-style":"default","site-sidebar-style":"default","ast-global-header-display":"","ast-banner-title-visibility":"","ast-main-header-display":"","ast-hfb-above-header-display":"","ast-hfb-below-header-display":"","ast-hfb-mobile-header-display":"","site-post-title":"disabled","ast-breadcrumbs-content":"","ast-featured-img":"","footer-sml-layout":"","theme-transparent-header-meta":"","adv-header-id-meta":"","stick-header-meta":"","header-above-stick-meta":"","header-main-stick-meta":"","header-below-stick-meta":"","astra-migrate-meta-layouts":"","footnotes":""},"uagb_featured_image_src":{"full":false,"thumbnail":false,"medium":false,"medium_large":false,"large":false,"1536x1536":false,"2048x2048":false},"uagb_author_info":{"display_name":"wedecors","author_link":"https:\/\/wedecorsdesign.com\/index.php\/author\/wedecors\/"},"uagb_comment_info":0,"uagb_excerpt":"Sobre Nosotros We Decors es un estudio de dise\u00f1o que representa la arquitectura y el interiorismo, nos basamos en dise\u00f1os contempor\u00e1neos adapt\u00e1ndonos a los requerimientos del cliente. Dedicado a la excelencia en el servicio Somos un estudio especializado en Arquitectura y Dise\u00f1o de Interiores, con un enfoque en proyectos residenciales, comerciales y corporativos. Nuestra sello&hellip;","_links":{"self":[{"href":"https:\/\/wedecorsdesign.com\/index.php\/wp-json\/wp\/v2\/pages\/13"}],"collection":[{"href":"https:\/\/wedecorsdesign.com\/index.php\/wp-json\/wp\/v2\/pages"}],"about":[{"href":"https:\/\/wedecorsdesign.com\/index.php\/wp-json\/wp\/v2\/types\/page"}],"author":[{"embeddable":true,"href":"https:\/\/wedecorsdesign.com\/index.php\/wp-json\/wp\/v2\/users\/1"}],"replies":[{"embeddable":true,"href":"https:\/\/wedecorsdesign.com\/index.php\/wp-json\/wp\/v2\/comments?post=13"}],"version-history":[{"count":26,"href":"https:\/\/wedecorsdesign.com\/index.php\/wp-json\/wp\/v2\/pages\/13\/revisions"}],"predecessor-version":[{"id":275,"href":"https:\/\/wedecorsdesign.com\/index.php\/wp-json\/wp\/v2\/pages\/13\/revisions\/275"}],"wp:attachment":[{"href":"https:\/\/wedecorsdesign.com\/index.php\/wp-json\/wp\/v2\/media?parent=13"}],"curies":[{"name":"wp","href":"https:\/\/api.w.org\/{rel}","templated":true}]}}